18
Let m = 43 - 19. Let x(y) = -42*y - 123. Let n be x(-3). Suppose 5*v = -b - 7, 5*b - n*b - 31 = -v. What is the greatest common divisor of b and m?
6
Let r be (-8 + 11)*(-3 + -1)/(-4). Suppose -3*u + 440 = 2*l, r*u + 4*l + 170 = 4*u. What is the greatest common divisor of 375 and u?
75
Let b be (-5159)/(-49) - 4/14. Let t be 14/b + 3459/45. What is the highest common factor of 11 and t?
11
Let o be 7 - (-279 - (-2 - 1 - 7)). Calculate the greatest common divisor of 3381 and o.
69
Let y = 13481 - 12168. Calculate the greatest common factor of y and 707.
101
Suppose 57*s + 45*s + 238*s = 5440. Calculate the highest common factor of s and 30608.
16
Let r be -8*19/(-4)*1. Let j = -239 + 211. Let w = j + r. What is the greatest common divisor of 70 and w?
10
Let n(r) = 24*r - 115. Let c(t) = t**3 - 14*t**2 + 5*t + 109. Let j be c(13). Let a be n(j). Calculate the highest common factor of a and 50.
5
Suppose 3*m + 5*z = 23305, -238*z + 31104 = 4*m - 239*z. What is the highest common factor of 5 and m?
5
Let a be -4 - (-110)/35 - (-2875)/161. What is the greatest common divisor of a and 7633?
17
Suppose -5*a - 33 = 12. Let c(l) = l + 12. Let y be c(a). Let j be ((-25)/(-20))/(y/108). What is the highest common factor of 30 and j?
15
Let b be (-9)/((-36)/704) + (-9 - -8). Suppose 4*r + o = 129 + 8, -5*r - 2*o + b = 0. What is the highest common factor of r and 22?
11
Let f be (-9)/(-3) - (-3 - 219). What is the highest common factor of f and 60?
15
Let u = 2479 - 2445. Let z(o) = -103*o - 1. Let r be z(-1). What is the highest common factor of u and r?
34
Suppose 2*t = -3*a + 44, -5*a = -2*t + t - 69. Let l = -105 - -97. Let v be (l + 12)*(-126)/(-4). What is the greatest common divisor of a and v?
14
Suppose 47 + 403 = 45*k. Suppose -2*p = -278 - 258. Suppose -5*c + 1068 - p = 0. Calculate the greatest common factor of c and k.
10
Suppose -4422*u + 4403*u = -5206. Calculate the highest common factor of u and 57266.
274
Suppose -4*l + 1520 = l. Suppose -k = -h - 2, -5*k - h - 2 = -2*k. Let z be -3 + (3 + k)*22/3. What is the highest common factor of l and z?
19
Let v(l) = 3*l**2 + 50*l + 45. Suppose -6*i - 30 = 90. Let w be v(i). Calculate the highest common divisor of 35 and w.
35
Let y(t) = -2*t**3 + 3*t**2 + 3*t. Let o be y(-2). Let p(r) = -28*r**3 + 6*r**2 + 11*r + 16. Let s be p(-2). What is the greatest common factor of s and o?
22
Let s(n) = 2*n**3 - 76*n**2 - 11*n + 441. Let y be s(38). What is the highest common factor of 3910 and y?
23
Let b(n) be the second derivative of -7/2*n**2 + 16*n + 2/3*n**3 + 1/4*n**4 + 0. Let q be b(-7). What is the greatest common divisor of 14 and q?
14
Let p = 1284 - 1240. What is the highest common divisor of 1628 and p?
44
Let i = 525 - 325. Suppose -14*j - 17*j = -40*j + 216. Calculate the greatest common factor of i and j.
8
Suppose 5643 = -0*r + 9*r. Suppose 5*b + 202 = r. Let u = b + -67. What is the highest common divisor of u and 18?
18
Let c = -177 + 177. Suppose -50*s + 47*s + 63 = c. Suppose 0 = 2*v - 2*n + 2, v - 2*n + 4 = -1. Calculate the highest common factor of v and s.
3
Let v(p) = p**3 + 77*p**2 + 133*p - 612. Let t be v(-75). Calculate the greatest common divisor of 351 and t.
39
Suppose 35*i + 30 - 240 = 0. What is the greatest common factor of i and 74?
2
Suppose -2*g - 639 = -2*k + g, -5*k + 1565 = -g. Suppose -5*i - 99 + 413 = f, 5*i + 3*f - k = 0. What is the greatest common factor of i and 42?
21
Suppose -72*p = 60*p - 3498000. What is the highest common factor of p and 300?
100
Let v be (31 + 2971)/19 + -48. Suppose 3 = 3*w + o - 1, -8 = -2*o. Let a be (-2 + w + -3)*-2. Calculate the highest common factor of v and a.
10
Suppose 16*m + 108 = 17*m. Suppose 0 = -3*r - r + m. Suppose -5*f + r = 2*d - 36, 33 = 2*d - 5*f. Calculate the greatest common factor of d and 8.
8
Suppose -4312 = -37*p + 9*p. Let x = 169 - p. Calculate the highest common factor of 420 and x.
15
Suppose -s = -5*t + 10 + 3, 13 = 3*t + 2*s. Suppose -8*l + 4*g = -t*l - 128, -g = -2*l + 53. Calculate the greatest common divisor of 2 and l.
2
Let k = 46 - 16. Suppose 0 = -5*l + 2*h + 150, -l + 3*h - h = -k. Suppose z + 97 - 315 = 4*a, 214 = z - 2*a. Calculate the highest common factor of z and l.
30
Let p = 8578 - 7745. What is the greatest common divisor of 102 and p?
17
Suppose 4*q + 105*l - 107*l = 254, -l = -5. Calculate the greatest common factor of 2662 and q.
22
Let s(i) = -4*i - 14. Suppose -j + 0*j = 6. Let d be s(j). Let a(u) = 4*u**3 - 3*u**2 + 3*u. Let p be a(3). Calculate the highest common divisor of d and p.
10
Let b(m) = -m**2 + 18*m - 63. Let f be b(12). Suppose 0 = -f*n - 125 + 602. Calculate the greatest common factor of 583 and n.
53
Suppose 5*r - 13 = 17, 2*r = -3*l + 2712. Calculate the greatest common factor of l and 440.
20
Suppose 4*x = -297 + 333. Let o = -6 - -65. Suppose -115 = -5*l - 4*k, 0*l - k - o = -2*l. What is the greatest common divisor of l and x?
9
Let y = -3650 - -3744. Calculate the greatest common factor of y and 4606.
94
Let i = 2104 - 2096. Calculate the greatest common factor of i and 164.
4
Suppose 0 = -2*h + 2*r + 3454, 24*h = 29*h + 5*r - 8585. Calculate the highest common factor of h and 9.
3
Suppose -11*q + 15*q - 2820 = 0. What is the greatest common divisor of q and 165?
15
Let c(j) = j**2 + 166*j + 1279. Let t be c(-158). What is the greatest common factor of 120 and t?
15
Suppose -2*n + 9 = -7. Let h be (9/n - 1) + 335/8. Suppose -2*m + 7*m + 2*p - 311 = 0, 317 = 5*m - p. What is the highest common divisor of h and m?
21
Let i = 3673 + -3209. Calculate the highest common divisor of i and 1073.
29
Suppose -17*w + 4*s - 97 = -20*w, 5*s - 165 = -5*w. Suppose 9*z = -3*z + 84. What is the highest common divisor of z and w?
7
Let u be 47 + 0/1 - -1. Let g(f) = 107*f - 3309. Let l be g(39). What is the greatest common divisor of u and l?
48
Suppose 4*h - 77 = -97, 4*h = 3*f - 1628. Calculate the greatest common factor of 104 and f.
8
Let o(i) = -i**2 - 126*i - 1373. Let n be o(-84). What is the greatest common divisor of 20 and n?
5
Let h be 20 + -9 + 56/8. Calculate the highest common divisor of h and 2718.
18
Let a be 10/(60/882) + -2 + 7 - -1. Calculate the greatest common factor of a and 17.
17
Let f = 15164 - 15102. Let d(k) be the first derivative of -23*k**2 + k - 2. Let h be d(-2). Calculate the greatest common divisor of f and h.
31
Let c be (-9 + -5 + 16)/(2 - 0). Suppose -3*n - 3 = -15. Calculate the highest common factor of c and n.
1
Suppose -3*d + 10*s = -870, -14*d - 870 = -17*d + s. Calculate the highest common factor of 3306 and d.
58
Suppose 2*i = -a + 96 + 23, -4*a - i + 511 = 0. Calculate the highest common factor of a and 989.
43
Let a = -10120 + 13201. Calculate the greatest common divisor of a and 351.
39
Suppose -8*a = -0*a + 80. Let u(d) = -2*d - 17. Let s be u(a). Suppose -s*t - 4*x = -61, 2*t - 3*x = 3*t - 22. Calculate the highest common divisor of 19 and t.
19
Let r(y) = 16*y + 691. Let k(z) = -8*z - 346. Let c(u) = 5*k(u) + 3*r(u). Let s be c(-31). Calculate the highest common factor of s and 5.
5
Let y = -1567 + 2642. Let t = 40451 + -40426. What is the greatest common factor of y and t?
25
Let p = 264 + -393. Let v = p + 220. What is the greatest common factor of 26 and v?
13
Suppose 9*p - 756 = 4*i + 5*p, -p - 761 = 4*i. Let l = -182 - i. Calculate the greatest common divisor of 68 and l.
4
Suppose 106 = -10*y + 1686. Let d = y - 13. Calculate the greatest common divisor of d and 87.
29
Let o(d) = -59*d**2 + 186*d - 3. Let f be o(3). Calculate the greatest common divisor of f and 3564.
12
Let t = 648 - 363. Let w = 158 - t. Let y = w - -147. Calculate the highest common factor of 5 and y.
5
Suppose -539*i + 540*i = 9. Calculate the greatest common factor of i and 729.
9
Let d = 62 - -176. Suppose 2*s - 16 = 4*h - d, -5*s + 147 = 3*h. Suppose 29*k = 32*k - h. Calculate the greatest common factor of k and 24.
6
Let j = -262 + 36. Let v = -58 - j. What is the greatest common factor of 24 and v?
24
Let y = -77 - -71. Let d be (-2 - 4/(-6))*y/8. Suppose 0 = 3*p - p - 16. Calculate the highest common factor of p and d.
1
Let s(f) = 3*f**2 - 29*f + 24. Let k be s(9). Let u be (-6)/5*(-40)/6. Calculate the highest common divisor of k and u.
2
Let